{"id":286,"date":"2020-09-04T08:07:18","date_gmt":"2020-09-04T08:07:18","guid":{"rendered":"http:\/\/45.76.36.210\/?page_id=286"},"modified":"2021-02-21T22:33:38","modified_gmt":"2021-02-21T22:33:38","slug":"fall-1-hausverbot","status":"publish","type":"page","link":"https:\/\/iv-skandal.org\/index.php\/fall-1-hausverbot\/","title":{"rendered":"Fall 1 &#8211; Hausverbot"},"content":{"rendered":"\n<h4>Fall 1 &#8211; Hausverbot<\/h4>\n\n\n\n<div style=\"height:20px\" aria-hidden=\"true\" class=\"wp-block-spacer\"><\/div>\n\n\n\n<h2>Wie sich die Ausgleichskasse Zug \/ IV-Stelle Zug arbeit beschafft<\/h2>\n\n\n\n<p>Der IV-Rentner Peter D. leidet an Diabetes, Multipler Sklerose und Depressionen und ist auf Hilfe von Dritten angewiesen. Er hat Anspruch auf Hilflosenentsch\u00e4digung und auf einen j\u00e4hrlichen Assistenzbeitrag.<\/p>\n\n\n\n<p>Die IV-Stelle Zug hat die Zahlungen dieser Versicherungsleistungen f\u00fcr 2013 und 2014 eingestellt. Zudem fehlen ihm die Assistenzbeitr\u00e4ge f\u00fcr Juli und August 2016.<\/p>\n\n\n\n<p>Als Peter D. pers\u00f6nlich auf der Beh\u00f6rde vorspricht, um die Auszahlung in bar zu verlangen, wird er mithilfe der Polizei in seinem Rollstuhl unsanft vor die T\u00fcr gesetzt. Zudem erhielt Peter D. Hausverbot.<\/p>\n\n\n\n<div style=\"height:20px\" aria-hidden=\"true\" class=\"wp-block-spacer\"><\/div>\n\n\n\n<h4>Die Geschichte<\/h4>\n\n\n\n<p><strong>23.11.2016<\/strong> &#8211; Anwalt von Peter D. &gt; IV-Stelle Zug<br>Schreiben <a href=\"https:\/\/iv-skandal.org\/wp-content\/uploads\/2021\/02\/unzulaessiges_zurueckhalten_von_versicherungsleistungen.pdf\" target=\"_blank\" rel=\"noreferrer noopener\">\u201eUnzul\u00e4ssiges Zur\u00fcckhalten von Versicherungsleistungen\u201c<\/a><\/p>\n\n\n\n<p><strong>25.11.2016<\/strong> &#8211; Peter D. besucht die IV-Stelle Zug<br>F\u00fcr Peter D. endet der Besuch mit einem Polizeieinsatz und Hausverbot der IV-Stelle Zug.<\/p>\n\n\n\n<p><strong>02.12.2016<\/strong> &#8211; IV-Stelle Zug &gt; Anwalt von Peter D.<br>Die IV-Stelle Zug informiert den Anwalt von Peter D. schriftlich \u00fcber das<a href=\"https:\/\/iv-skandal.org\/wp-content\/uploads\/2021\/02\/hausverbot.pdf\" target=\"_blank\" rel=\"noreferrer noopener\"> Hausverbot<\/a>.<\/p>\n\n\n\n<p>Peter D. fordert die IV-Stelle zweimal dazu auf, eine beschwerdef\u00e4hige Verf\u00fcgung Betreff Hausverbot zu erlassen, ohne Erfolg.<\/p>\n\n\n\n<p><strong>14.02.2018<\/strong> &#8211; Peter D. &gt; Verwaltungsgericht des Kantons Zug<br>Peter D. wendet sich an das Verwaltungsgericht Zug und verlangt, der IV-Stelle Zug sei die Weisung zu erteilen, eine beschwerdef\u00e4hige Verf\u00fcgung betreffend das am 2. Dezember ausgesprochene Hausverbot zu erlassen.<\/p>\n\n\n\n<p><strong>22.02.2018<\/strong> &#8211; Verwaltungsgericht des Kantons Zug &gt; Regierungsrat des Kantons Zug<br>Das Verwaltungsgericht informiert den Regierungsrat schriftlich dar\u00fcber, das es nach ihrer ersten Einsch\u00e4tzung bei dem Schreiben der IV-Stelle Zug vom 2. Dezember um eine Verf\u00fcgung in Briefform ohne Rechtsmittelbelehrung handelt. Weiter sei das Verwaltungsgericht nicht zust\u00e4ndig und \u00fcberwei\u00dft den Fall an den Regierungsrat.<\/p>\n\n\n\n<p><strong>27.02.2018<\/strong> &#8211; Volkswirtschaftsdirektion des Kantons Zug &gt; IV Stelle Zug<br>Die Volkswirtschaftsdirektion informiert die IV Stelle Zug schriftlich dar\u00fcber, dass der Regierungsrat die Volkswirtschaftsdirektion mit der Antragstellung im Fall Peter D. beauftragt hat. Weiter wird die IV-Stelle um eine Stellungnahme und die Zustellung s\u00e4mtlicher Akten, die diesen Fall betreffen, ersucht.<\/p>\n\n\n\n<p><strong>22.03.2018<\/strong> \u2013 IV-Stelle Zug &gt; Volkswirtschaftsdirektion des Kantons Zug<br>Die Stellungnahme der IV-Stelle Zug. Eine inhaltslose Geschichtenerz\u00e4hlung \u00fcber 5 Seiten, in der nicht beantwortet wird, ob es sich bei dem Schreiben der IV-Stelle Zug vom 2. Dezember um eine Verf\u00fcgung handelt.<\/p>\n\n\n\n<p>Weiter schreibt die IV-Stelle, dass es aus ihrer Sicht weder erforderlich noch sachdienlich sei, s\u00e4mtliche IV-Akten von Peter D. der Volkswirtschaftsdirektion des Kantons Zug zukommen zu lassen. Der Grund, die Akten haben mehrere KG Gewicht und \u00fcber 1000 Seiten.<\/p>\n\n\n\n<p><strong>14.06.2018<\/strong> \u2013 Peter D. &gt; IV-Stelle Zug<br>Peter D. ersucht bei der IV-Stelle Zug um 1Aufhebung des Hausverbots.<\/p>\n\n\n\n<p><strong>27.06.2018<\/strong> &#8211; IV-Stelle Zug &gt; Peter D.<br>Die IV-Stelle Zug antwortet Peter D. mit der Aufforderung, dass Gesuch um Aufhebung des Hausverbots schriftlich zu begr\u00fcnden.<\/p>\n\n\n\n<p><strong>29.06.2018<\/strong> \u2013 Anwalt Peter D. &gt; IV Stelle<br>Der Anwalt von Peter D. ersucht bei der IV-Stelle Zug um <a href=\"https:\/\/iv-skandal.org\/wp-content\/uploads\/2021\/02\/gesuch_aufhebung_des_hausverbots.pdf\" target=\"_blank\" rel=\"noreferrer noopener\">Aufhebung des Hausverbots<\/a> und kl\u00e4rt \u00fcber den Sachverhalt auf.<\/p>\n\n\n\n<p><strong>03.07.2018<\/strong> \u2013 IV-Stelle Zug &gt; Anwalt Peter D.<br><a href=\"https:\/\/iv-skandal.org\/wp-content\/uploads\/2021\/02\/aufhebung_des_hausverbots.pdf\" target=\"_blank\" rel=\"noreferrer noopener\">Aufhebung des Hausverbots.<\/a><\/p>\n","protected":false},"excerpt":{"rendered":"<p>Fall 1 &#8211; Hausverbot Wie sich die Ausgleichskasse Zug \/ IV-Stelle Zug arbeit beschafft Der IV-Rentner Peter D. leidet an Diabetes, Multipler Sklerose und Depressionen und ist auf Hilfe von &#8230;<\/p>\n","protected":false},"author":4,"featured_media":329,"parent":0,"menu_order":0,"comment_status":"closed","ping_status":"closed","template":"template-fullwidth.php","meta":{"spay_email":""},"_links":{"self":[{"href":"https:\/\/iv-skandal.org\/index.php\/wp-json\/wp\/v2\/pages\/286"}],"collection":[{"href":"https:\/\/iv-skandal.org\/index.php\/wp-json\/wp\/v2\/pages"}],"about":[{"href":"https:\/\/iv-skandal.org\/index.php\/wp-json\/wp\/v2\/types\/page"}],"author":[{"embeddable":true,"href":"https:\/\/iv-skandal.org\/index.php\/wp-json\/wp\/v2\/users\/4"}],"replies":[{"embeddable":true,"href":"https:\/\/iv-skandal.org\/index.php\/wp-json\/wp\/v2\/comments?post=286"}],"version-history":[{"count":0,"href":"https:\/\/iv-skandal.org\/index.php\/wp-json\/wp\/v2\/pages\/286\/revisions"}],"wp:featuredmedia":[{"embeddable":true,"href":"https:\/\/iv-skandal.org\/index.php\/wp-json\/wp\/v2\/media\/329"}],"wp:attachment":[{"href":"https:\/\/iv-skandal.org\/index.php\/wp-json\/wp\/v2\/media?parent=286"}],"curies":[{"name":"wp","href":"https:\/\/api.w.org\/{rel}","templated":true}]}}